{"id":257,"date":"2020-01-11T10:07:12","date_gmt":"2020-01-11T13:07:12","guid":{"rendered":"http:\/\/www.hotelavenidavitoria.com.br\/novo\/?page_id=257"},"modified":"2020-01-13T18:35:31","modified_gmt":"2020-01-13T21:35:31","slug":"reservas","status":"publish","type":"page","link":"https:\/\/www.hotelavenidavitoria.com.br\/novo\/reservas\/","title":{"rendered":"Reservas"},"content":{"rendered":"\n<p> Obrigado por escolher o Hotel Avenida! Para n\u00f3s \u00e9 um prazer lhe receber em nossas instala\u00e7\u00f5es. Trabalhamos para que sua estadia seja tranquila e muito confort\u00e1vel. <\/p>\n\n\n\n<div class=\"wpforms-container wpforms-container-full form-reserva\" id=\"wpforms-248\"><form id=\"wpforms-form-248\" class=\"wpforms-validate wpforms-form\" data-formid=\"248\" method=\"post\" enctype=\"multipart\/form-data\" action=\"\/novo\/wp-json\/wp\/v2\/pages\/257\" data-token=\"74e3a4fb319f51996b76111f64bea33c\" data-token-time=\"1775265834\"><noscript class=\"wpforms-error-noscript\">Ative o JavaScript no seu navegador para preencher este formul\u00e1rio.<\/noscript><div class=\"wpforms-field-container\"><div id=\"wpforms-248-field_1-container\" class=\"wpforms-field wpforms-field-text\" data-field-id=\"1\"><label class=\"wpforms-field-label\" for=\"wpforms-248-field_1\">Nome completo <span class=\"wpforms-required-label\">*<\/span><\/label><input type=\"text\" id=\"wpforms-248-field_1\" class=\"wpforms-field-large wpforms-field-required\" name=\"wpforms[fields][1]\" required><\/div><div id=\"wpforms-248-field_2-container\" class=\"wpforms-field wpforms-field-email wpforms-one-half wpforms-first\" data-field-id=\"2\"><label class=\"wpforms-field-label\" for=\"wpforms-248-field_2\">E-mail <span class=\"wpforms-required-label\">*<\/span><\/label><input type=\"email\" id=\"wpforms-248-field_2\" class=\"wpforms-field-large wpforms-field-required\" name=\"wpforms[fields][2]\" spellcheck=\"false\" required><\/div><div id=\"wpforms-248-field_3-container\" class=\"wpforms-field wpforms-field-text wpforms-one-half\" data-field-id=\"3\"><label class=\"wpforms-field-label\" for=\"wpforms-248-field_3\">Telefone <span class=\"wpforms-required-label\">*<\/span><\/label><input type=\"text\" id=\"wpforms-248-field_3\" class=\"wpforms-field-large wpforms-field-required wpforms-masked-input\" data-rule-inputmask-incomplete=\"1\" data-inputmask-mask=\"(99) 99999-999[9]\" name=\"wpforms[fields][3]\" required><\/div><div id=\"wpforms-248-field_4-container\" class=\"wpforms-field wpforms-field-text wpforms-one-half wpforms-first\" data-field-id=\"4\"><label class=\"wpforms-field-label\" for=\"wpforms-248-field_4\">Data de check-in <span class=\"wpforms-required-label\">*<\/span><\/label><input type=\"text\" id=\"wpforms-248-field_4\" class=\"wpforms-field-large wpforms-field-required wpforms-masked-input\" data-rule-inputmask-incomplete=\"1\" data-inputmask-mask=\"99\/99\/9999\" name=\"wpforms[fields][4]\" required><\/div><div id=\"wpforms-248-field_5-container\" class=\"wpforms-field wpforms-field-text wpforms-one-half\" data-field-id=\"5\"><label class=\"wpforms-field-label\" for=\"wpforms-248-field_5\">Data de check-out <span class=\"wpforms-required-label\">*<\/span><\/label><input type=\"text\" id=\"wpforms-248-field_5\" class=\"wpforms-field-large wpforms-field-required wpforms-masked-input\" data-rule-inputmask-incomplete=\"1\" data-inputmask-mask=\"99\/99\/9999\" name=\"wpforms[fields][5]\" required><\/div><div id=\"wpforms-248-field_6-container\" class=\"wpforms-field wpforms-field-text wpforms-one-third wpforms-first\" data-field-id=\"6\"><label class=\"wpforms-field-label\" for=\"wpforms-248-field_6\">N\u00famero de Su\u00edtes <span class=\"wpforms-required-label\">*<\/span><\/label><input type=\"text\" id=\"wpforms-248-field_6\" class=\"wpforms-field-large wpforms-field-required wpforms-masked-input\" data-rule-inputmask-incomplete=\"1\" data-inputmask-mask=\"9[9]\" name=\"wpforms[fields][6]\" required><\/div><div id=\"wpforms-248-field_7-container\" class=\"wpforms-field wpforms-field-text wpforms-one-third\" data-field-id=\"7\"><label class=\"wpforms-field-label\" for=\"wpforms-248-field_7\">N\u00famero de Adultos <span class=\"wpforms-required-label\">*<\/span><\/label><input type=\"text\" id=\"wpforms-248-field_7\" class=\"wpforms-field-large wpforms-field-required wpforms-masked-input\" data-rule-inputmask-incomplete=\"1\" data-inputmask-mask=\"9[9]\" name=\"wpforms[fields][7]\" required><\/div><div id=\"wpforms-248-field_8-container\" class=\"wpforms-field wpforms-field-text wpforms-one-third\" data-field-id=\"8\"><label class=\"wpforms-field-label\" for=\"wpforms-248-field_8\">N\u00famero de Crian\u00e7as <span class=\"wpforms-required-label\">*<\/span><\/label><input type=\"text\" id=\"wpforms-248-field_8\" class=\"wpforms-field-large wpforms-field-required wpforms-masked-input\" data-rule-inputmask-incomplete=\"1\" data-inputmask-mask=\"9[9]\" name=\"wpforms[fields][8]\" required><\/div><div id=\"wpforms-248-field_9-container\" class=\"wpforms-field wpforms-field-select\" data-field-id=\"9\"><label class=\"wpforms-field-label\" for=\"wpforms-248-field_9\">Qual Su\u00edte Voc\u00ea Deseja <span class=\"wpforms-required-label\">*<\/span><\/label><select id=\"wpforms-248-field_9\" class=\"wpforms-field-large wpforms-field-required\" name=\"wpforms[fields][9]\" required=\"required\"><option value=\"\" class=\"placeholder\" disabled  selected='selected'>Clique aqui<\/option><option value=\"Apartamento com ar condicionado e frigobar\"  class=\"choice-1 depth-1\"  >Apartamento com ar condicionado e frigobar<\/option><option value=\"Apartamento com ar condicionado\"  class=\"choice-2 depth-1\"  >Apartamento com ar condicionado<\/option><option value=\"Apartamento com ventilador\"  class=\"choice-3 depth-1\"  >Apartamento com ventilador<\/option><option value=\"Apartamento de casal com ar condicionado\"  class=\"choice-5 depth-1\"  >Apartamento de casal com ar condicionado<\/option><option value=\"Apartamento de casal com ventilador\"  class=\"choice-4 depth-1\"  >Apartamento de casal com ventilador<\/option><\/select><\/div><div id=\"wpforms-248-field_10-container\" class=\"wpforms-field wpforms-field-textarea\" data-field-id=\"10\"><label class=\"wpforms-field-label\" for=\"wpforms-248-field_10\">Descreva seu pedido<\/label><textarea id=\"wpforms-248-field_10\" class=\"wpforms-field-medium\" name=\"wpforms[fields][10]\" ><\/textarea><\/div><\/div><!-- .wpforms-field-container --><div class=\"wpforms-field wpforms-field-hp\"><label for=\"wpforms-248-field-hp\" class=\"wpforms-field-label\">Message<\/label><input type=\"text\" name=\"wpforms[hp]\" id=\"wpforms-248-field-hp\" class=\"wpforms-field-medium\"><\/div><div class=\"wpforms-submit-container\" ><input type=\"hidden\" name=\"wpforms[id]\" value=\"248\"><input type=\"hidden\" name=\"page_title\" value=\"\"><input type=\"hidden\" name=\"page_url\" value=\"https:\/\/www.hotelavenidavitoria.com.br\/novo\/wp-json\/wp\/v2\/pages\/257\"><input type=\"hidden\" name=\"url_referer\" value=\"\"><button type=\"submit\" name=\"wpforms[submit]\" id=\"wpforms-submit-248\" class=\"wpforms-submit form-reserva-botao\" data-alt-text=\"Enviando...\" data-submit-text=\"Solicitar Reserva\" aria-live=\"assertive\" value=\"wpforms-submit\">Solicitar Reserva<\/button><\/div><\/form><\/div>  <!-- .wpforms-container -->\n","protected":false},"excerpt":{"rendered":"<p>Obrigado por escolher o Hotel Avenida! Para n\u00f3s \u00e9 um prazer lhe receber em nossas instala\u00e7\u00f5es. Trabalhamos para que sua estadia seja tranquila e muito confort\u00e1vel.<\/p>\n","protected":false},"author":2,"featured_media":0,"parent":0,"menu_order":5,"comment_status":"closed","ping_status":"closed","template":"","meta":{"footnotes":""},"class_list":["post-257","page","type-page","status-publish","hentry"],"_links":{"self":[{"href":"https:\/\/www.hotelavenidavitoria.com.br\/novo\/wp-json\/wp\/v2\/pages\/257","targetHints":{"allow":["GET"]}}],"collection":[{"href":"https:\/\/www.hotelavenidavitoria.com.br\/novo\/wp-json\/wp\/v2\/pages"}],"about":[{"href":"https:\/\/www.hotelavenidavitoria.com.br\/novo\/wp-json\/wp\/v2\/types\/page"}],"author":[{"embeddable":true,"href":"https:\/\/www.hotelavenidavitoria.com.br\/novo\/wp-json\/wp\/v2\/users\/2"}],"replies":[{"embeddable":true,"href":"https:\/\/www.hotelavenidavitoria.com.br\/novo\/wp-json\/wp\/v2\/comments?post=257"}],"version-history":[{"count":3,"href":"https:\/\/www.hotelavenidavitoria.com.br\/novo\/wp-json\/wp\/v2\/pages\/257\/revisions"}],"predecessor-version":[{"id":263,"href":"https:\/\/www.hotelavenidavitoria.com.br\/novo\/wp-json\/wp\/v2\/pages\/257\/revisions\/263"}],"wp:attachment":[{"href":"https:\/\/www.hotelavenidavitoria.com.br\/novo\/wp-json\/wp\/v2\/media?parent=257"}],"curies":[{"name":"wp","href":"https:\/\/api.w.org\/{rel}","templated":true}]}}